he remainder when 142 is divided by 33.
10
What is the remainder when 148 is divided by 19?
15
Calculate the remainder when 2597 is divided by 53.
0
What is the remainder when 492 is divided by 99?
96
Calculate the remainder when 7910 is divided by 2634.
8
Calculate the remainder when 955 is divided by 255.
190
Calculate the remainder when 125 is divided by 64.
61
What is the remainder when 2518 is divided by 10?
8
Calculate the remainder when 43 is divided by 16.
11
What is the remainder when 4783 is divided by 46?
45
What is the remainder when 13531 is divided by 101?
98
What is the remainder when 1044 is divided by 14?
8
Calculate the remainder when 131 is divided by 22.
21
Calculate the remainder when 1560 is divided by 49.
41
What is the remainder when 287 is divided by 12?
11
Calculate the remainder when 127 is divided by 32.
31
What is the remainder when 978 is divided by 306?
60
What is the remainder when 250 is divided by 42?
40
Calculate the remainder when 308 is divided by 62.
60
Calculate the remainder when 2819 is divided by 20.
19
What is the remainder when 1028 is divided by 10?
8
Calculate the remainder when 544 is divided by 112.
96
What is the remainder when 7127 is divided by 33?
32
What is the remainder when 31040 is divided by 9?
8
What is the remainder when 308 is divided by 73?
16
Calculate the remainder when 400 is divided by 97.
12
What is the remainder when 15 is divided by 11?
4
Calculate the remainder when 52 is divided by 20.
12
Calculate the remainder when 26 is divided by 21.
5
What is the remainder when 5793 is divided by 1931?
0
Calculate the remainder when 498 is divided by 256.
242
Calculate the remainder when 26098 is divided by 29.
27
Calculate the remainder when 115 is divided by 13.
11
Calculate the remainder when 19050 is divided by 219.
216
Calculate the remainder when 505 is divided by 132.
109
Calculate the remainder when 13 is divided by 7.
6
What is the remainder when 255 is divided by 37?
33
Calculate the remainder when 5983 is divided by 187.
186
What is the remainder when 248 is divided by 19?
1
What is the remainder when 460 is divided by 60?
40
Calculate the remainder when 275 is divided by 32.
19
Calculate the remainder when 2517 is divided by 15.
12
Calculate the remainder when 467 is divided by 30.
17
What is the remainder when 3136 is divided by 73?
70
What is the remainder when 798 is divided by 118?
90
Calculate the remainder when 4185 is divided by 208.
25
What is the remainder when 17886 is divided by 13?
11
What is the remainder when 297 is divided by 8?
1
Calculate the remainder when 83 is divided by 37.
9
Calculate the remainder when 1306 is divided by 10.
6
Calculate the remainder when 1254 is divided by 127.
111
Calculate the remainder when 45 is divided by 24.
21
What is the remainder when 252 is divided by 28?
0
Calculate the remainder when 233 is divided by 114.
5
Calculate the remainder when 363 is divided by 103.
54
What is the remainder when 302 is divided by 53?
37
Calculate the remainder when 28 is divided by 16.
12
What is the remainder when 78 is divided by 73?
5
What is the remainder when 3030 is divided by 275?
5
Calculate the remainder when 1888 is divided by 460.
48
Calculate the remainder when 3539 is divided by 59.
58
Calculate the remainder when 584 is divided by 30.
14
What is the remainder when 488 is divided by 81?
2
What is the remainder when 182 is divided by 172?
10
Calculate the remainder when 174 is divided by 35.
34
What is the remainder when 320 is divided by 101?
17
Calculate the remainder when 534 is divided by 32.
22
Calculate the remainder when 293 is divided by 7.
6
Calculate the remainder when 4781 is divided by 55.
51
What is the remainder when 1315 is divided by 95?
80
Calculate the remainder when 423 is divided by 49.
31
Calculate the remainder when 496 is divided by 102.
88
Calculate the remainder when 39 is divided by 7.
4
What is the remainder when 489 is divided by 59?
17
What is the remainder when 4090 is divided by 93?
91
What is the remainder when 2468 is divided by 95?
93
What is the remainder when 419 is divided by 21?
20
What is the remainder when 1704 is divided by 95?
89
Calculate the remainder when 3344 is divided by 20.
4
What is the remainder when 1889 is divided by 54?
53
Calculate the remainder when 326 is divided by 22.
18
What is the remainder when 303 is divided by 77?
72
Calculate the remainder when 384 is divided by 63.
6
What is the remainder when 3585 is divided by 12?
9
Calculate the remainder when 754 is divided by 54.
52
Calculate the remainder when 530 is divided by 107.
102
Calculate the remainder when 169 is divided by 29.
24
What is the remainder when 1901 is divided by 34?
31
Calculate the remainder when 338 is divided by 31.
28
Calculate the remainder when 1677 is divided by 30.
27
What is the remainder when 1594 is divided by 28?
26
What is the remainder when 225 is divided by 103?
19
Calculate the remainder when 82 is divided by 24.
10
What is the remainder when 67 is divided by 24?
19
Calculate the remainder when 46 is divided by 37.
9
What is the remainder when 1737 is divided by 58?
55
Calculate the remainder when 1488 is divided by 72.
48
Calculate the remainder when 15 is divided by 3.
0
Calculate the remainder when 29 is divided by 10.
9
Calculate the remainder when 242 is divided by 117.
8
Calculate the remainder when 6044 is divided by 39.
38
Calculate the remainder when 264 is divided by 72.
48
What is the remainder when 397 is divided by 8?
5
Calculate the remainder when 51 is divided by 15.
6
Calculate the remainder when 575 is divided by 114.
5
Calculate the remainder when 403 is divided by 101.
100
Calculate the remainder when 335 is divided by 38.
31
Calculate the remainder when 178 is divided by 34.
8
What is the remainder when 1102 is divided by 24?
22
Calculate the remainder when 390 is divided by 99.
93
What is the remainder when 3562 is divided by 123?
118
What is the remainder when 53 is divided by 2?
1
What is the remainder when 1548 is divided by 25?
23
What is the remainder when 67 is divided by 62?
5
What is the remainder when 196 is divided by 182?
14
What is the remainder when 142 is divided by 87?
55
What is the remainder when 373 is divided by 126?
121
What is the remainder when 724 is divided by 56?
52
What is the remainder when 54 is divided by 20?
14
Calculate the remainder when 1049 is divided by 21.
20
Calculate the remainder when 11265 is divided by 23.
18
What is the remainder when 657 is divided by 109?
3
Calculate the remainder when 6601 is divided by 93.
91
What is the remainder when 4078 is divided by 24?
22
Calculate the remainder when 5972 is divided by 58.
56
What is the remainder when 584 is divided by 14?
10
What is the remainder when 580 is divided by 117?
112
Calculate the remainder when 93 is divided by 26.
15
Calculate the remainder when 1854 is divided by 35.
34
What is the remainder when 12 is divided by 11?
1
Calculate the remainder when 153 is divided by 2.
1
Calculate the remainder when 2326 is divided by 5.
1
What is the remainder when 41 is divided by 28?
13
Calculate the remainder when 885 is divided by 191.
121
Calculate the remainder when 55 is divided by 20.
15
Calculate the remainder when 88 is divided by 79.
9
Calculate the remainder when 7 is divided by 2.
1
Calculate the remainder when 76 is divided by 63.
13
What is the remainder when 857 is divided by 20?
17
Calculate the remainder when 320 is divided by 36.
32
What is the remainder when 717 is divided by 6?
3
What is the remainder when 191 is divided by 182?
9
Calculate the remainder when 886 is divided by 127.
124
What is the remainder when 3547 is divided by 169?
167
Calculate the remainder when 428 is divided by 24.
20
Calculate the remainder when 436 is divided by 27.
4
What is the remainder when 2223 is divided by 554?
7
Calculate the remainder when 149 is divided by 75.
74
What is the remainder when 3738 is divided by 11?
9
What is the remainder when 1671 is divided by 18?
15
Calculate the remainder when 123 is divided by 17.
4
What is the remainder when 310 is divided by 26?
24
Calculate the remainder when 1171 is divided by 23.
21
What is the remainder when 271 is divided by 136?
135
